eds digit of 13405691?
6
What is the units digit of 83972?
2
What is the ten thousands digit of 170693?
7
What is the hundreds digit of 2028803?
8
What is the hundreds digit of 305531?
5
What is the tens digit of 11927759?
5
What is the hundreds digit of 639744?
7
What is the ten thousands digit of 164819?
6
What is the units digit of 9783969?
9
What is the units digit of 141734?
4
What is the units digit of 1262602?
2
What is the thousands digit of 321809?
1
What is the hundred thousands digit of 100638?
1
What is the tens digit of 2541488?
8
What is the units digit of 1033672?
2
What is the ten thousands digit of 525848?
2
What is the hundred thousands digit of 347397?
3
What is the ten thousands digit of 8966178?
6
What is the units digit of 121147?
7
What is the hundreds digit of 800705?
7
What is the hundred thousands digit of 4517251?
5
What is the tens digit of 15051690?
9
What is the units digit of 5475988?
8
What is the ten thousands digit of 6713165?
1
What is the hundred thousands digit of 275760?
2
What is the hundreds digit of 13128310?
3
What is the thousands digit of 9763254?
3
What is the tens digit of 231952?
5
What is the units digit of 230989?
9
What is the thousands digit of 65707?
5
What is the units digit of 5563129?
9
What is the tens digit of 530443?
4
What is the ten thousands digit of 1065569?
6
What is the millions digit of 4918869?
4
What is the millions digit of 2024461?
2
What is the tens digit of 289087?
8
What is the hundred thousands digit of 515181?
5
What is the tens digit of 925795?
9
What is the hundred thousands digit of 799569?
7
What is the millions digit of 11841408?
1
What is the hundreds digit of 1759949?
9
What is the thousands digit of 95432?
5
What is the millions digit of 27783989?
7
What is the units digit of 756573?
3
What is the ten thousands digit of 9358462?
5
What is the hundreds digit of 53041?
0
What is the millions digit of 7679192?
7
What is the tens digit of 422563?
6
What is the thousands digit of 2195680?
5
What is the hundred thousands digit of 1195037?
1
What is the thousands digit of 1151821?
1
What is the hundreds digit of 4987499?
4
What is the hundreds digit of 672939?
9
What is the hundreds digit of 3788709?
7
What is the ten thousands digit of 32070447?
7
What is the thousands digit of 753685?
3
What is the ten millions digit of 11632319?
1
What is the units digit of 198816?
6
What is the thousands digit of 2154948?
4
What is the hundreds digit of 166295?
2
What is the hundreds digit of 46410?
4
What is the hundreds digit of 341691?
6
What is the thousands digit of 741128?
1
What is the thousands digit of 459041?
9
What is the thousands digit of 1986655?
6
What is the tens digit of 2815102?
0
What is the units digit of 384171?
1
What is the hundred thousands digit of 464459?
4
What is the hundred thousands digit of 235221?
2
What is the thousands digit of 527691?
7
What is the tens digit of 10918424?
2
What is the tens digit of 585057?
5
What is the ten thousands digit of 1077560?
7
What is the thousands digit of 160104?
0
What is the ten thousands digit of 126736?
2
What is the hundred thousands digit of 302661?
3
What is the ten thousands digit of 246677?
4
What is the units digit of 2714071?
1
What is the hundreds digit of 13401050?
0
What is the units digit of 674441?
1
What is the hundreds digit of 263591?
5
What is the hundreds digit of 33459165?
1
What is the ten thousands digit of 474538?
7
What is the hundreds digit of 16579113?
1
What is the hundred thousands digit of 615835?
6
What is the units digit of 229108?
8
What is the tens digit of 37872621?
2
What is the ten thousands digit of 492760?
9
What is the units digit of 4360?
0
What is the units digit of 3266430?
0
What is the hundreds digit of 12765072?
0
What is the tens digit of 5120954?
5
What is the units digit of 33272?
2
What is the hundred thousands digit of 487604?
4
What is the thousands digit of 318154?
8
What is the tens digit of 12198123?
2
What is the millions digit of 4609384?
4
What is the ten thousands digit of 33885?
3
What is the units digit of 485092?
2
What is the thousands digit of 1148400?
8
What is the tens digit of 12350372?
7
What is the units digit of 1180602?
2
What is the units digit of 2258164?
4
What is the ten thousands digit of 2202521?
0
What is the units digit of 140503?
3
What is the units digit of 1625514?
4
What is the ten thousands digit of 1430318?
3
What is the ten millions digit of 19235943?
1
What is the ten thousands digit of 244975?
4
What is the units digit of 3093144?
4
What is the tens digit of 7307614?
1
What is the millions digit of 4885471?
4
What is the hundred thousands digit of 5607775?
6
What is the units digit of 4233283?
3
What is the units digit of 362038?
8
What is the hundred thousands digit of 907431?
9
What is the tens digit of 18116033?
3
What is the units digit of 155071?
1
What is the millions digit of 3387121?
3
What is the ten thousands digit of 3162765?
6
What is the ten thousands digit of 2179705?
7
What is the tens digit of 1767119?
1
What is the millions digit of 1994052?
1
What is the units digit of 8041853?
3
What is the units digit of 144031?
1
What is the hundred thousands digit of 2744893?
7
What is the hundred thousands digit of 21996481?
9
What is the hundreds digit of 89230?
2
What is the tens digit of 556334?
3
What is the units digit of 5969185?
5
What is the units digit of 22365246?
6
What is the thousands digit of 18671772?
1
What is the hundreds digit of 754596?
5
What is the ten thousands digit of 5023457?
2
What is the hundreds digit of 121936?
9
What is the ten thousands digit of 245374?
4
What is the hundred thousands digit of 3347774?
3
What is the tens digit of 307489?
8
What is the units digit of 3602174?
4
What is the thousands digit of 94138?
4
What is the tens digit of 41398?
9
What is the thousands digit of 961647?
1
What is the ten thousands digit of 21737392?
3
What is the thousands digit of 6747307?
7
What is the tens digit of 73769?
6
What is the hundreds digit of 1741898?
8
What is the tens digit of 9606?
0
What is the hundreds digit of 2235161?
1
What is the hundred thousands digit of 616688?
6
What is the hundreds digit of 684373?
3
What is the tens digit of 23894825?
2
What is the tens digit of 111815?
1
What is the hundreds digit of 4234227?
2
What is the millions digit of 1896678?
1
What is the hundred thousands digit of 8400353?
4
What is the millions digit of 4143378?
4
What is the ten millions digit of 12329567?
1
What is the tens digit of 85013?
1
What is the ten thousands digit of 1335909?
3
What is the tens digit of 457205?
0
What is the tens digit of 487310?
1
What is the hundred thousands digit of 384054?
3
What is the tens digit of 865673?
7
What is the ten thousands digit of 3184828?
8
What is the thousands digit of 7247896?
7
What is the tens digit of 20050?
5
What is the hundred thousands digit of 1125145?
1
What is the ten thousands digit of 33547?
3
What is the tens digit of 780911?
1
What is the ten millions digit of 15282711?
1
What is the ten thousands digit of 439779?
3
What is the thousands digit of 24566355?
6
What is the hundred thousands digit of 150560?
1
What is the tens digit of 11016981?
8
What is the hundreds digit of 2459601?
6
What is the units digit of 35732683?
3
What is the hundreds digit of 5077050?
0
What is the hundred thousands digit of 203477?
2
What is the hundreds digit of 923709?
7
What is the tens digit of 5519561?
6
What is the tens digit of 7033330?
3
What is the units digit of 1896125?
5
What is the thousands digit of 955157?
5
What is the tens digit of 2152366?
6
What is the hundred thousands digit of 693526?
6
What is the hundreds digit of 147859?
8
What is the millions digit of 1754453?
1
What is the ten millions digit of 12519277?
1
What is the thousands digit of 158063?
8
What is the ten thousands digit of 964757?
6
What is the hundreds digit of 110652?
6
What is the units digit of 314243?
3
What is the hundred thousands digit of 13215280?
2
What is the hundred thousands digit of 2728936?
7
What is the thousands digit of 1651297?
1
What is the tens digit of 1497515?
1
What is the hundreds digit of 2114720?
7
What is the tens digit of 365522?
2
What is the tho